when 1854 is divided by 894?
66
What is the remainder when 82203 is divided by 209?
66
Calculate the remainder when 1182109 is divided by 212.
209
What is the remainder when 4674 is divided by 227?
134
Calculate the remainder when 599 is divided by 8.
7
Calculate the remainder when 74298 is divided by 74264.
34
Calculate the remainder when 1850 is divided by 36.
14
What is the remainder when 458590 is divided by 389?
348
What is the remainder when 21512 is divided by 67?
5
What is the remainder when 3919 is divided by 426?
85
What is the remainder when 615 is divided by 147?
27
What is the remainder when 31916 is divided by 133?
129
What is the remainder when 1368 is divided by 248?
128
Calculate the remainder when 1644 is divided by 34.
12
Calculate the remainder when 1832 is divided by 1764.
68
What is the remainder when 79453 is divided by 2940?
73
Calculate the remainder when 1936 is divided by 40.
16
Calculate the remainder when 15690 is divided by 15677.
13
What is the remainder when 12892 is divided by 3?
1
Calculate the remainder when 4302 is divided by 696.
126
Calculate the remainder when 1715 is divided by 412.
67
What is the remainder when 66604 is divided by 7400?
4
What is the remainder when 16955 is divided by 4128?
443
What is the remainder when 20226 is divided by 70?
66
What is the remainder when 672904 is divided by 58?
46
What is the remainder when 976 is divided by 374?
228
Calculate the remainder when 2555 is divided by 252.
35
What is the remainder when 14854 is divided by 4943?
25
What is the remainder when 175163 is divided by 89?
11
Calculate the remainder when 251 is divided by 126.
125
Calculate the remainder when 6974 is divided by 348.
14
What is the remainder when 2829 is divided by 704?
13
Calculate the remainder when 1086 is divided by 214.
16
Calculate the remainder when 2064515 is divided by 573.
569
Calculate the remainder when 207894 is divided by 297.
291
Calculate the remainder when 24718 is divided by 36.
22
Calculate the remainder when 765 is divided by 32.
29
What is the remainder when 1068 is divided by 136?
116
What is the remainder when 22581 is divided by 193?
0
What is the remainder when 4322 is divided by 91?
45
What is the remainder when 723 is divided by 281?
161
What is the remainder when 100868 is divided by 226?
72
What is the remainder when 380847 is divided by 22?
5
Calculate the remainder when 35786 is divided by 237.
236
What is the remainder when 35790 is divided by 5959?
36
What is the remainder when 16957 is divided by 220?
17
What is the remainder when 23886 is divided by 679?
121
What is the remainder when 719983 is divided by 68?
67
What is the remainder when 39907 is divided by 13?
10
What is the remainder when 11227 is divided by 104?
99
What is the remainder when 2298 is divided by 6?
0
What is the remainder when 5829 is divided by 243?
240
What is the remainder when 6566 is divided by 3077?
412
What is the remainder when 26753 is divided by 13217?
319
What is the remainder when 30985 is divided by 15?
10
Calculate the remainder when 7206 is divided by 3593.
20
Calculate the remainder when 22166 is divided by 155.
1
What is the remainder when 947 is divided by 108?
83
What is the remainder when 54749 is divided by 6786?
461
Calculate the remainder when 84169 is divided by 817.
18
Calculate the remainder when 6293 is divided by 1553.
81
Calculate the remainder when 24182 is divided by 3022.
6
Calculate the remainder when 2526884 is divided by 104.
100
What is the remainder when 24556 is divided by 1744?
140
Calculate the remainder when 59417 is divided by 205.
172
Calculate the remainder when 6190 is divided by 307.
50
What is the remainder when 990 is divided by 982?
8
What is the remainder when 482 is divided by 434?
48
What is the remainder when 78957 is divided by 96?
45
What is the remainder when 947 is divided by 657?
290
Calculate the remainder when 237208 is divided by 1853.
24
What is the remainder when 2051321 is divided by 21?
20
Calculate the remainder when 2459 is divided by 473.
94
What is the remainder when 1104 is divided by 97?
37
What is the remainder when 789544 is divided by 51?
13
What is the remainder when 519 is divided by 72?
15
What is the remainder when 6461 is divided by 31?
13
What is the remainder when 38549 is divided by 43?
21
Calculate the remainder when 40023 is divided by 405.
333
What is the remainder when 20967 is divided by 430?
327
Calculate the remainder when 94377 is divided by 60.
57
Calculate the remainder when 225419 is divided by 16.
11
Calculate the remainder when 31078 is divided by 1947.
1873
What is the remainder when 6605 is divided by 141?
119
What is the remainder when 15817 is divided by 1317?
13
What is the remainder when 3163 is divided by 812?
727
What is the remainder when 1651 is divided by 232?
27
Calculate the remainder when 3121 is divided by 596.
141
Calculate the remainder when 20706 is divided by 2909.
343
What is the remainder when 9688 is divided by 73?
52
What is the remainder when 851599 is divided by 17741?
31
What is the remainder when 55503 is divided by 3964?
7
Calculate the remainder when 30248 is divided by 605.
603
What is the remainder when 2331533 is divided by 743?
742
Calculate the remainder when 20538 is divided by 1463.
56
What is the remainder when 760333 is divided by 37?
20
What is the remainder when 7296 is divided by 1203?
78
Calculate the remainder when 264847 is divided by 115.
2
Calculate the remainder when 105117 is divided by 360.
357
Calculate the remainder when 1443 is divided by 264.
123
Calculate the remainder when 2308 is divided by 93.
76
What is the remainder when 3331 is divided by 1589?
153
Calculate the remainder when 81731 is divided by 584.
555
What is the remainder when 37641 is divided by 509?
484
Calculate the remainder when 76612 is divided by 385.
382
Calculate the remainder when 23677 is divided by 32.
29
Calculate the remainder when 31462 is divided by 15731.
0
Calculate the remainder when 3677 is divided by 32.
29
Calculate the remainder when 16172 is divided by 289.
277
Calculate the remainder when 8134 is divided by 8134.
0
Calculate the remainder when 184632 is divided by 314.
0
Calculate the remainder when 32015 is divided by 20.
15
Calculate the remainder when 2487 is divided by 310.
7
Calculate the remainder when 6194 is divided by 42.
20
Calculate the remainder when 1187 is divided by 41.
39
Calculate the remainder when 1165011 is divided by 38.
7
Calculate the remainder when 217392 is divided by 74.
54
Calculate the remainder when 10298 is divided by 359.
246
Calculate the remainder when 90601 is divided by 105.
91
Calculate the remainder when 98258 is divided by 21.
20
Calculate the remainder when 30570 is divided by 437.
417
Calculate the remainder when 81499 is divided by 578.
1
What is the remainder when 4769 is divided by 238?
9
What is the remainder when 65135 is divided by 16?
15
What is the remainder when 129242 is divided by 3152?
10
Calculate the remainder when 41593 is divided by 71.
58
What is the remainder when 8363 is divided by 929?
2
What is the remainder when 11315 is divided by 229?
94
What is the remainder when 161783 is divided by 18?
17
What is the remainder when 4905 is divided by 32?
9
What is the remainder when 535 is divided by 67?
66
Calculate the remainder when 174405 is divided by 174405.
0
What is the remainder when 144487 is divided by 63?
28
Calculate the remainder when 196237 is divided by 1649.
6
Calculate the remainder when 3289 is divided by 75.
64
Calculate the remainder when 17588 is divided by 1956.
1940
What is the remainder when 5487 is divided by 30?
27
Calculate the remainder when 62783 is divided by 897.
890
Calculate the remainder when 26408 is divided by 26346.
62
What is the remainder when 90520 is divided by 59?
14
Calculate the remainder when 3505 is divided by 251.
242
What is the remainder when 4949 is divided by 64?
21
What is the remainder when 267031 is divided by 31?
28
Calculate the remainder when 3842 is divided by 129.
101
Calculate the remainder when 871377 is divided by 141.
138
Calculate the remainder when 79211 is divided by 6.
5
What is the remainder when 619 is divided by 135?
79
Calculate the rem